{"id":9431,"date":"2026-02-21T10:04:20","date_gmt":"2026-02-21T09:04:20","guid":{"rendered":"https:\/\/www.asm-omnisports.com\/athletisme\/?page_id=9431"},"modified":"2026-02-21T10:04:20","modified_gmt":"2026-02-21T09:04:20","slug":"championnats-de-france-elite-au-pellez","status":"publish","type":"page","link":"https:\/\/www.asm-omnisports.com\/athletisme\/championnats-de-france-elite-au-pellez\/","title":{"rendered":"CHAMPIONNATS DE FRANCE ELITE AU PELLEZ !"},"content":{"rendered":"<p><strong>Les 28 f\u00e9vrier et 1er mars venez nombreux soutenir nos athl\u00e8tes as\u00e9mistes s\u00e9lectionn\u00e9s aux championnats de France Elite indoor qui auront lieu au stadium Jean Pellez \u00e0 Clermont-Ferrand.<\/strong><\/p>\n<p><strong>8 athl\u00e8tes<\/strong> seront dans les starting blocks ! \ud83d\ude03\u00a0bravo \u00e0 eux et \u00e0 leurs entra\u00eeneurs \ud83d\udc4f\ud83d\udc4f<\/p>\n<p>Charlotte Iva \u00e0 la perche,<\/p>\n<p>Charlotte Dumas sur 800m,<\/p>\n<p>Jordan Terrasse sur 800m,<\/p>\n<p>Bastien Fouilhoux sur 1500m,<\/p>\n<p>Baptiste Coudert sur 1500 m,<\/p>\n<p>Quentin Chiarisoli sur 3000m,<\/p>\n<p>Alexandre Tchao Ago en \u00e9preuves combin\u00e9es et hauteur,<\/p>\n<p>Ruben Gado en \u00e9preuves combin\u00e9es.<\/p>\n<p><strong>Informations et billetterie<\/strong>\u00a0 <a href=\"https:\/\/www.athle.fr\/contenu\/championnats-de-france-elite-en-salle-2026-clermont-ferrand\/7121\">ICI<\/a><\/p>\n<p>Venez nombreux !<\/p>\n","protected":false},"excerpt":{"rendered":"<p>Les 28 f\u00e9vrier et 1er mars venez nombreux soutenir nos athl\u00e8tes as\u00e9mistes s\u00e9lectionn\u00e9s aux championnats de France Elite indoor qui auront lieu au stadium Jean Pellez \u00e0 Clermont-Ferrand. 8 athl\u00e8tes seront dans les starting blocks ! \ud83d\ude03\u00a0bravo \u00e0 eux et \u00e0 leurs entra\u00eeneurs \ud83d\udc4f\ud83d\udc4f Charlotte Iva \u00e0 la perche, Charlotte Dumas sur 800m, Jordan Terrasse [&hellip;]<\/p>\n","protected":false},"author":2,"featured_media":0,"parent":0,"menu_order":0,"comment_status":"closed","ping_status":"closed","template":"","meta":{"_acf_changed":false,"footnotes":""},"acf":[],"_links":{"self":[{"href":"https:\/\/www.asm-omnisports.com\/athletisme\/wp-json\/wp\/v2\/pages\/9431"}],"collection":[{"href":"https:\/\/www.asm-omnisports.com\/athletisme\/wp-json\/wp\/v2\/pages"}],"about":[{"href":"https:\/\/www.asm-omnisports.com\/athletisme\/wp-json\/wp\/v2\/types\/page"}],"author":[{"embeddable":true,"href":"https:\/\/www.asm-omnisports.com\/athletisme\/wp-json\/wp\/v2\/users\/2"}],"replies":[{"embeddable":true,"href":"https:\/\/www.asm-omnisports.com\/athletisme\/wp-json\/wp\/v2\/comments?post=9431"}],"version-history":[{"count":2,"href":"https:\/\/www.asm-omnisports.com\/athletisme\/wp-json\/wp\/v2\/pages\/9431\/revisions"}],"predecessor-version":[{"id":9434,"href":"https:\/\/www.asm-omnisports.com\/athletisme\/wp-json\/wp\/v2\/pages\/9431\/revisions\/9434"}],"wp:attachment":[{"href":"https:\/\/www.asm-omnisports.com\/athletisme\/wp-json\/wp\/v2\/media?parent=9431"}],"curies":[{"name":"wp","href":"https:\/\/api.w.org\/{rel}","templated":true}]}}

<p><strong>Les 28 février et 1er mars venez nombreux soutenir nos athlètes asémistes sélectionnés aux championnats de France Elite indoor qui auront lieu au stadium Jean Pellez à Clermont-Ferrand.</strong></p>
<p><strong>8 athlètes</strong> seront dans les starting blocks ! 😃 bravo à eux et à leurs entraîneurs 👏👏</p>
<p>Charlotte Iva à la perche,</p>
<p>Charlotte Dumas sur 800m,</p>
<p>Jordan Terrasse sur 800m,</p>
<p>Bastien Fouilhoux sur 1500m,</p>
<p>Baptiste Coudert sur 1500 m,</p>
<p>Quentin Chiarisoli sur 3000m,</p>
<p>Alexandre Tchao Ago en épreuves combinées et hauteur,</p>
<p>Ruben Gado en épreuves combinées.</p>
<p><strong>Informations et billetterie</strong>  <a href="https://www.athle.fr/contenu/championnats-de-france-elite-en-salle-2026-clermont-ferrand/7121">ICI</a></p>
<p>Venez nombreux !</p>

<p>Les 28 février et 1er mars venez nombreux soutenir nos athlètes asémistes sélectionnés aux championnats de France Elite indoor qui auront lieu au stadium Jean Pellez à Clermont-Ferrand. 8 athlètes seront dans les starting blocks ! 😃 bravo à eux et à leurs entraîneurs 👏👏 Charlotte Iva à la perche, Charlotte Dumas sur 800m, Jordan Terrasse [&hellip;]</p>
